of v?
8
Suppose -3*z + 6*i = 3*i - 3, 0 = -3*i. Let n be 3*40/(-12)*z. What is the units digit of n/(-40) - (-150)/8?
9
Let m = -11996 - -18738. What is the tens digit of m?
4
Suppose -7*q = 17*q - 120. Suppose 3*l - 855 = -5*c, -2*c + 342 = -0*l + q*l. What is the units digit of c?
1
Let f be (-1)/(-3) - (-13)/((-78)/(-28)). Let y = f - 9. What is the units digit of ((-245)/(-10))/((-1)/y)?
8
Let q = 64891 - 38751. What is the hundreds digit of q?
1
Let w(o) = 59*o + 1125. What is the units digit of w(20)?
5
Suppose 29155 + 104198 = 27*o. What is the hundreds digit of o?
9
Let k(a) = 610*a + 5221. What is the hundreds digit of k(28)?
3
What is the units digit of 2959155/117 + 4/52?
2
Let y(z) = z**2 + 7*z + 6. Let d be y(-3). Let j be (-1 - 4/d)*-369. Suppose -2*o + j = -o. What is the tens digit of o?
2
Suppose 0 = f + 6*f + 14. What is the hundreds digit of f - -160 - (-4)/(20/15)?
1
Let n be 94/18 + ((-28)/(-36) - 1). Suppose n*l - a = 560, 77 = 2*l + 2*a - 159. What is the tens digit of l?
1
Let v = 10740 + -7114. What is the thousands digit of v?
3
Let v(r) = -2*r**3 - r. Let s(u) = 6*u**3 + u**2 + 6*u + 12. Let k(w) = -s(w) - 2*v(w). What is the units digit of k(-3)?
5
Suppose 43837 = 4*l + 5*o, -10962 = 18*l - 19*l - 4*o. What is the thousands digit of l?
0
Let p(x) = -32 + 150 + 4*x**2 - 21*x - 4*x**2 + 2*x**2. What is the units digit of p(27)?
9
Let t be 8/(-2) + 5 - -7*3. Suppose 17*l = t*l - 5775. What is the thousands digit of l?
1
Suppose 0*z = z + 2*h - 4, -5*z + 2*h = -68. Suppose -z*a = 9*a - 22281. What is the hundreds digit of a?
0
What is the units digit of (1046900/57 - -30)*3/2?
5
Let r(y) = -841*y + 60. What is the tens digit of r(-1)?
0
Let v(r) = 1675*r - 12. What is the hundreds digit of v(10)?
7
Let m(b) = 9305*b**2 - 73*b + 219. What is the ten thousands digit of m(3)?
8
Let c = 21357 + -15287. What is the hundreds digit of c?
0
Let l(q) = 26*q**2 + 2*q + 6. Let a be l(-2). Suppose s = 2*f + a, 2*s - 5*s + 298 = -f. Let p = -5 + s. What is the units digit of p?
3
Let o = 104 - 97. Suppose p = -4*v - 0*p + o, 0 = -v - 3*p - 12. What is the tens digit of (v - 1215/(-10))/((-3)/(-4))?
6
Let l(b) = -24*b**2 + 47*b - 348. Let n(d) = 17*d**2 - 31*d + 232. Let k(u) = 5*l(u) + 8*n(u). What is the hundreds digit of k(5)?
4
Let i be ((-7662)/(-4))/((-12)/(-16)). Let t = -1671 + i. What is the tens digit of t?
8
Suppose 8*s - 12*s = 15*c - 39931, 0 = -5*c + 5. What is the tens digit of s?
7
Let w = -9966 + 12998. What is the hundreds digit of w?
0
Let q be 91 - (4 + -3 - -2). Let h(b) = 19*b - 180. Let x be h(13). Let u = q + x. What is the units digit of u?
5
Let j = -68 + 44. Let x(p) = -10*p + 4. What is the hundreds digit of x(j)?
2
Let q(c) = -c**3 + 24*c**2 - 23*c + 9. Let w be q(23). Suppose 7189 = 22*i - w*i. What is the hundreds digit of i?
5
Suppose -5*r + 23 + 22 = 0. Suppose 46 - 64 = -2*t. What is the tens digit of ((-33)/r)/((-3)/t)?
1
Suppose -3*j - 4 = 5*w - 4*w, 0 = 2*j - w - 4. Suppose -4*y + j*h + 1040 = 2*h, 2*h - 4 = 0. What is the hundreds digit of y?
2
Suppose 0 = 5*j + 15, 72 = 4*h - 3*h + j. Let t be (4/5)/(30/h). What is the units digit of -1*(-279)/(t - -1)?
3
Let u be (-78)/8*-50 - 48/32. What is the tens digit of (1 - (-1 - -3)) + u?
8
Let w(z) = -2*z**3 - z**2 + z + 2. Let k be w(-1). What is the tens digit of 5865/34 + k/4?
7
Suppose 4*d + t - 12 = -t, -d + 4*t = 15. Let r(c) = 163*c**2 + c - 3. What is the tens digit of r(d)?
6
Let o be (1 - (-2)/2)*-5. Let p(l) = 23*l + 36. Let h(t) = -16*t - 33. Let z(x) = -3*h(x) - 2*p(x). What is the units digit of z(o)?
7
Let y be (-2)/(-4)*(15 + -15). Suppose 0 = o + 3*o + 4*a - 44, y = 5*o + a - 47. Suppose -15*w = -o*w - 600. What is the units digit of w?
0
Suppose -15*t - 96 = -27*t. Suppose 11*k + t*k - 10108 = 0. What is the hundreds digit of k?
5
Let u be 21*(-1 + 2) + (-192)/32. What is the hundreds digit of (-36275)/u*(-3)/5?
4
Suppose -46*i = -18*i - 756. Suppose -i*s - 8294 = -34079. What is the hundreds digit of s?
9
Let h = 8347 - -151. What is the thousands digit of h?
8
Suppose -4*i + 1686 = 4*y - 1158, 0 = 2*y - i - 1410. Let s = -1421 - -1403. What is the tens digit of (-4)/s*-1 + y/63?
1
Suppose -103*w - 698434 + 868378 = -2859801. What is the hundreds digit of w?
4
Let a(i) = 2*i**2 - 2*i + 6. Let c be a(-3). Let z = 35 - c. Suppose 3*n = 4*d + 8*n - 222, 0 = -z*d + 3*n + 296. What is the tens digit of d?
5
Suppose 3*k = f - 1 - 6, 5*f - 18 = -2*k. Suppose 0 = -f*d - 3*u + 166, 3*d + d - 170 = -5*u. Let c = d - -133. What is the units digit of c?
3
Let d = 23691 + -11230. What is the ten thousands digit of d?
1
Let p(i) = i**2 + 3*i**2 + 27 + 10*i - 35 - 2*i**2. Let q be p(-6). Suppose -t - 1328 = -6*t - q*u, -5*t = 3*u - 1326. What is the tens digit of t?
6
Suppose -348*r - 4126 = -350*r. Suppose -5183 = -20*a - r. What is the tens digit of a?
5
Let w be (4 - 3/(-2))/((-2)/(-12)). Suppose -527 - w = -5*a. Let j = a - 64. What is the units digit of j?
8
Let y(v) = -v**2 + 38*v - 81. Let i be y(36). What is the tens digit of 918 + -10 + 4 + i?
0
Let x = 60 + -50. Suppose 68 = x*f - 6*f. What is the units digit of f?
7
Let l = 54047 + -32028. What is the tens digit of l?
1
Let f(a) = -4*a**2. Let v be 3/(-3) - 10/(-5). Let d be f(v). What is the units digit of (8/(-2))/(d/130)?
0
Let t = 376 - 158. Suppose -3*f = -3*h - 6, 7*h + 4 = 3*f + 2*h. Suppose 5*v - t = f*v. What is the units digit of v?
9
Let b = -47 - -30. Let z be (b - -15) + (-189)/(-1). Suppose -3*t + 3*r + 198 = -78, -5*r = -2*t + z. What is the units digit of t?
1
Let h(f) = 9*f - 19. Let b = -47 + 61. Suppose 62 = 8*z + b. What is the units digit of h(z)?
5
Suppose 0 = 17*m + 9 - 128. Let p(t) = 51*t - 7. What is the hundreds digit of p(m)?
3
Let g = -3341 - -7680. What is the hundreds digit of g?
3
Let o = -29009 - -68236. What is the hundreds digit of o?
2
Suppose 0 = -15*f - f + 11344. Suppose 2*r - 2*s - 2311 = -f, 2*s = -4*r + 3198. What is the hundreds digit of r?
8
Let j(w) = -21*w - 56 - 79 - 90 + 2*w**2 + 2*w. What is the hundreds digit of j(-24)?
3
Let o(h) = -h**3 + 5*h**2 + 8*h + 4. Let g be o(6). Suppose 0 = -5*i - 56 + g. Let n(t) = 4*t**2 + 13*t + 14. What is the units digit of n(i)?
6
Let i be (-14987)/3 + (6 - (-16)/(-3)). What is the units digit of i/(-35) + (6/(-7))/(-3)?
3
What is the tens digit of (39*(6 - 5))/(1/148)?
7
Let a = -5758 - -10581. What is the tens digit of a?
2
Let d = 20 + -13. Let p(i) = -9*i**2 + 102*i + 13. Let j be p(11). Let m = j - d. What is the units digit of m?
9
Let i = 6496 - 2301. What is the units digit of i?
5
Suppose 3*l - 27 = 0, -j + 3*j + 5*l = 106229. What is the units digit of j?
2
Suppose 3*s - 4*q + 12 = -5, -2*s = -q + 8. Let x be (3/(-4))/(s/20). Suppose 5*r + 7 = -8, -x*a + 5*r + 395 = 0. What is the units digit of a?
6
Let q(r) = 5*r**2 + 43*r - 16. Let v be q(-9). What is the hundreds digit of (-89 + v)/((-1)/3)?
2
Suppose 171*v + 154260 = 100*v + 89*v. What is the hundreds digit of v?
5
Let b(o) = o**3 - 10*o**2 - 10*o - 8. Let r be b(11). Suppose -2*n - r*n + 1270 = 0. Suppose 6*x - n = 112. What is the units digit of x?
1
Let o = 9760 - 2140. What is the tens digit of o?
2
Let n(t) = -5*t**2 + 4*t - 66. Let l(o) = -3*o**2 + 3*o - 67. Let q(v) = 6*l(v) - 5*n(v). What is the tens digit of q(-11)?
9
Let o be 10173/9 + 10/15. Suppose -6*q + o + 3129 = 0. What is the units digit of q?
0
Suppose 1156 = 4*i - 3*q, -3*i - i = 5*q - 1188. Let h be i - (-4 + (2 - 1)). Suppose -5*y + h = 5*x - 0*x, 5*x - 2*y = 260. What is the tens digit of x?
5
Let o(i) = -613*i - 17971. What is the ten thousands digit of o(-145)?
7
Let f(p) = -12*p + 496. Let v be 10/15*1/2*0. What is the tens digit of f(v)?
9
Let h = -602 - -596. What is the units digit of ((-27)/6)/(h/356)?
7
Suppose 0 = -2*s + 7*s - 12125. Suppose -5*f - 5*n + s = 0, -2*f + 0*n = -n - 970. What is the hundreds digit of f?
4
Let g be 1309/(-35) + (-4)/(-10). Let q = 37 + g. Suppose q = -39*c + 40*c - 128. What is the tens digit of c?
2
Let i(j) = j**3 + 18*j**2 + 10*j + 5. Let q(p) = -16*p - 172. Let k be q(-10). What is the hundreds digit of i(k)?
7
Suppose -2*x + f + 226 = 0, -24*x + 20*x + f + 454 = 0. What is the hundreds digit of x?
1
Suppose -23*o = -h - 1